visor of g and i?
7
Let m(d) = d**2 + 7*d + 9. Let r be 0 - 15/5 - -2. Let n(c) = 1. Let x(g) = r*m(g) + 6*n(g). Let u be x(-4). Calculate the greatest common factor of 36 and u.
9
Let d = -2 + 6. Suppose -15 = -3*s, 0 = p - 3*p - 4*s + 24. Let k be (p + (-73)/4)*d*-2. What is the highest common divisor of k and 10?
10
Let h(w) = w**2 + 6*w - 2. Let i be h(-9). Let k be (-3 - (0 + 1)) + 24. Suppose -k*n + i*n = 160. What is the greatest common factor of 24 and n?
8
Let x(l) = 88*l - 13. Let h be x(1). Suppose 15955*s = 15945*s + 1500. Calculate the highest common factor of s and h.
75
Suppose -130*b + 253*b - 132*b + 396 = 0. Calculate the highest common factor of b and 41404.
44
Let c(a) = -a**3 - 5*a**2 - 4*a + 1. Let y be c(-5). Suppose l - 5*s + 42 = 0, 0 = -2*l - 13*s + 12*s + 15. What is the highest common divisor of l and y?
3
Let x(r) = -3 + 5*r + 5 + r. Let t(o) = -o + 1. Let i(b) = 21*t(b) + 3*x(b). Let u be i(-11). What is the greatest common divisor of u and 24?
12
Suppose 0 = -4*k + 12*k + 408. Let r(z) = -z**3 - 3*z**2 - z + 6. Let m be r(-5). Let s = m + k. Calculate the greatest common factor of 5 and s.
5
Let k be 15/2*(-198)/15. Let u = 37 - k. What is the greatest common factor of 17 and u?
17
Let u(h) be the second derivative of 1/12*h**4 + 7/6*h**3 + 5*h - 4*h**2 + 0. Let r be u(8). Calculate the greatest common factor of r and 28.
28
Let y be (94/(-2) + 1)*(-1)/2. Suppose -2*q = -y + 1. Suppose -114 + 466 = q*d. Calculate the highest common factor of d and 4.
4
Suppose 3*f - o - 2*o - 135 = 0, 0 = 2*o - 10. What is the highest common factor of 2270 and f?
10
Suppose -1279*r - 97440 = -1294*r. Calculate the greatest common factor of r and 8.
8
Let n(k) = -3*k**2 + 27*k + 4. Let f be n(13). Let m = -107 - f. Calculate the greatest common divisor of m and 15.
15
Let x = 527 - 351. Let h = x + 24. What is the highest common factor of 50 and h?
50
Suppose 0 = 2*v + 1 - 11, 4*l + 5*v = -1563. Let h = -278 - l. Suppose -2*d - 85 = -7*d. What is the highest common factor of h and d?
17
Suppose -3*d + 10*d - 119 = 0. Suppose 0 = -2*l + o + d, 4*o + 0*o = -3*l + 31. Suppose 1 + 0 = n. Calculate the highest common factor of l and n.
1
Suppose -192*g - 1112 = -10904. Calculate the highest common factor of 3349 and g.
17
Let b(t) = -t - 9. Let c be b(-14). Let j(y) = -y**3 - 44*y**2 + 89*y - 130. Let w be j(-46). Calculate the highest common factor of w and c.
1
Suppose 1428 = 15*z + 13*z. Suppose 0*b + 357 = 3*b. Calculate the greatest common divisor of b and z.
17
Let r(w) = -w**2 + 11*w - 20. Let s be r(8). Suppose 75 = 3*a - 3*p, -3*a + 2*p - 28 = -s*a. What is the greatest common factor of a and 234?
26
Suppose 39*c - 497 + 481 = 2324. What is the greatest common factor of c and 894?
6
Let n(g) = -75*g**2 - 2*g + 6039. Let p be n(0). Calculate the highest common factor of p and 132.
33
Let l = 2806 + -2176. Suppose -n + 5*z + 79 + 5 = 0, 5*n - 5*z = 420. Calculate the greatest common divisor of n and l.
42
Let q(j) = 27*j + 2. Suppose -10*m - 2*m = 12. Let a be q(m). Let t = a - -46. Calculate the highest common divisor of 3 and t.
3
Let w = 46 - 12. Suppose -2*v + 50 + w = 0. Let u = -168 - -182. What is the greatest common factor of u and v?
14
Suppose -10*d = -205 - 515. Calculate the greatest common factor of d and 1752.
24
Suppose -762 = -115*j + 104*j - 4*k, 4*k - 62 = -j. What is the greatest common factor of j and 33355?
35
Suppose -260 = -4*z + 3*h, z + z - 116 = -2*h. Let i = 5 - -9. Let r(m) = -m**2 + 16*m + 3. Let v be r(i). Calculate the highest common divisor of z and v.
31
Let g(d) = -237*d - 475. Let w be g(-8). What is the greatest common divisor of 406 and w?
203
Suppose 4*b = -5*l + 8 + 118, 4*l = 4*b + 72. Suppose 219 + 771 = 5*y. Calculate the greatest common factor of y and l.
22
Suppose -3*l - 30 = 4*c, 1 = -2*c - 4*l - 19. Let h be 25/10*((c - -4) + 76). Calculate the greatest common divisor of 37 and h.
37
Suppose -17530*i = -17529*i - 2809. What is the highest common factor of 901 and i?
53
Let w(g) = 2*g**3 + 3*g**2 - 8*g - 1. Let k be w(-4). Let b = -47 - k. Suppose -b*x = -28 + 6. What is the highest common divisor of 11 and x?
11
Let x be 1*14 + (-5848)/(-172). Calculate the highest common factor of x and 5584.
16
Let x(b) = b**2 + 2*b - 3. Let i be x(-9). Let n = -148 - -151. Suppose -6*k + i = -n*k. Calculate the greatest common divisor of k and 5.
5
Let l(t) = -3*t + 56. Let n(q) = -q - 1. Let z(c) = l(c) + 4*n(c). Let h be z(6). What is the greatest common divisor of h and 65?
5
Let j be -1 + (3/(-6))/((-1)/6). Suppose -13 = -f + j. Let l be 4 - -3*f - 0/1. Calculate the highest common factor of l and 245.
49
Suppose -3*g - 5*d = -146, 4*d = -5*g + 3*d + 236. Suppose -5*n + 24 = -4*f - 34, 3*f + g = 4*n. Calculate the greatest common factor of n and 7.
7
Let t(r) = -4*r**3 - 8*r**2 - 5*r + 4. Let f be t(-5). Let c(g) = 3*g**2 - g - 187. Let v be c(9). Calculate the greatest common divisor of v and f.
47
Let u = -245 + 159. Let o = u - -198. Calculate the greatest common divisor of o and 336.
112
Let v(a) = -7*a - 16. Let s(u) be the first derivative of -u**2/2 - 13*u - 33. Let g be s(-6). Let m be v(g). What is the highest common factor of m and 22?
11
Suppose -37*b = -41*b + 2088. Let m = 810 - b. Suppose y - 5*y = -3*n - 134, 5*n = -3*y + 86. What is the highest common factor of y and m?
32
Let b = 0 + -1. Let q be (0 - -2)/(b + 3). Suppose 25*k - 32 = 44 + 24. What is the greatest common factor of q and k?
1
Let c(s) = -22*s**2 + 264*s + 6. Let v be c(12). Calculate the greatest common factor of 309 and v.
3
Suppose -4*l + 0*l + 252 = 0. Suppose -5*o + p + 150 = 3*p, -o = -2*p - 18. Let t = o - 21. What is the highest common factor of t and l?
7
Let b = -172 + 632. Suppose -5*v - 130 + b = 0. What is the highest common factor of v and 11?
11
Suppose 2*i + 10709 = 3*q, 5*i = 2*q - 2749 - 4372. What is the highest common factor of q and 18?
9
Let i = 4981 + -4899. What is the greatest common divisor of i and 2?
2
Let a = -42 + 47. Suppose -217 = -a*y - 1102. Let b = -72 - y. What is the highest common factor of b and 21?
21
Suppose 2*d + 19 = 4*x + 7, x - 2*d = 0. Suppose 7*n + 34 = x*w + 5*n, 0 = -5*w + 3*n + 43. What is the highest common factor of 256 and w?
8
Suppose 2*j - 538 = 4*d, 3*j - 2*d = -4*d + 823. Let c be (-38)/((-266)/(-273))*-2. What is the greatest common divisor of c and j?
39
Suppose 0 = 15*f - 11*f + 96. Let j be 23*2*6*(-2)/f. Suppose -3*a + 92 = n + 3*n, 0 = 4*a. Calculate the highest common factor of j and n.
23
Suppose -3*n = -0*n - 27. Suppose -5*b - 8*b + 2639 = 0. Let x = b + -202. Calculate the greatest common divisor of x and n.
1
Let w(p) = -p + 27. Let s be w(5). Suppose -322 = -3*j + 4*a, -3*j + 4*a + 328 = 3*a. What is the greatest common divisor of s and j?
22
Suppose 78*t - 851373 = 897851 - 356924. What is the greatest common factor of 84 and t?
42
Let f = 207 - 203. Suppose -k - 2*k + 2*a + 154 = 0, -f*k + 4*a = -200. What is the greatest common divisor of 6 and k?
6
Suppose 4*c = -z + 52, 5 = -4*c + 4*z + 57. Let y = -324 - -428. Calculate the greatest common factor of c and y.
13
Let o be (-6)/2*98/(-42). Suppose -q + o + 10 = 0. Suppose 4*r - 136 = -2*z, 3*z = 6*z + 2*r - 204. What is the greatest common factor of q and z?
17
Suppose 335*k + 30888 = 348*k. What is the greatest common divisor of k and 540?
108
Let v be 4/((-12)/(-201)) - (-3 + 0). Suppose p = -c + v, -1 - 7 = -2*c. What is the highest common divisor of 12 and p?
6
Let m = 50 - 46. Suppose -2*f - 6 = m*f. Let l be -6*(-17 + -2) - f. Calculate the greatest common divisor of l and 23.
23
Suppose -6*q + 25 = -2*q - 5*c, 30 = 5*q - 5*c. Suppose -q*j = -4*y + 103, 0 = -y - 5*j + 4 + 3. What is the highest common factor of 154 and y?
22
Let h be (6/(-8))/((-17)/204). Let l be (-4)/((-8)/3)*84/h. Let y = l + 63. Calculate the greatest common factor of y and 11.
11
Suppose 10*b + 21*b = 18166. Suppose 2*u + 334 - b = 0. What is the greatest common divisor of u and 36?
18
Let h(y) = -y - 9. Let t be h(-14). Suppose -8*f + 4*f + 438 = i, -t*f + 3*i + 539 = 0. Let v = 208 - f. Calculate the highest common factor of v and 11.
11
Let o be ((-483)/12)/((-6)/24). Suppose -z + 2*t + 131 = -3*t, o = z 